e remainder when 31655 is divided by 64.
39
Calculate the remainder when 6210 is divided by 144.
18
What is the remainder when 60848 is divided by 35?
18
What is the remainder when 13545 is divided by 434?
91
What is the remainder when 4100 is divided by 3881?
219
What is the remainder when 2076 is divided by 155?
61
Calculate the remainder when 2251 is divided by 321.
4
Calculate the remainder when 29979 is divided by 29938.
41
What is the remainder when 8591 is divided by 2144?
15
Calculate the remainder when 54649 is divided by 448.
441
Calculate the remainder when 54405 is divided by 54404.
1
Calculate the remainder when 116900 is divided by 40.
20
What is the remainder when 16455 is divided by 151?
147
What is the remainder when 2453 is divided by 274?
261
Calculate the remainder when 188633 is divided by 13.
3
What is the remainder when 41017 is divided by 12?
1
What is the remainder when 19544 is divided by 168?
56
Calculate the remainder when 103963 is divided by 584.
11
What is the remainder when 220612 is divided by 811?
20
Calculate the remainder when 693 is divided by 117.
108
What is the remainder when 5213 is divided by 781?
527
Calculate the remainder when 93241 is divided by 282.
181
What is the remainder when 225549 is divided by 180?
9
What is the remainder when 8356 is divided by 828?
76
Calculate the remainder when 61217 is divided by 942.
929
What is the remainder when 1892 is divided by 130?
72
What is the remainder when 20431 is divided by 10206?
19
Calculate the remainder when 14943 is divided by 650.
643
Calculate the remainder when 274575 is divided by 12480.
15
What is the remainder when 537140 is divided by 25?
15
Calculate the remainder when 1411 is divided by 1228.
183
What is the remainder when 1775 is divided by 1032?
743
What is the remainder when 352952 is divided by 17646?
32
Calculate the remainder when 153667 is divided by 156.
7
What is the remainder when 1996573 is divided by 34?
25
Calculate the remainder when 99753 is divided by 489.
486
What is the remainder when 17323 is divided by 1082?
11
What is the remainder when 40469 is divided by 142?
141
What is the remainder when 780639 is divided by 355?
349
Calculate the remainder when 5427 is divided by 62.
33
Calculate the remainder when 2114 is divided by 2111.
3
Calculate the remainder when 769 is divided by 543.
226
What is the remainder when 154415 is divided by 11?
8
What is the remainder when 96243 is divided by 32073?
24
What is the remainder when 20573 is divided by 122?
77
What is the remainder when 1644 is divided by 299?
149
What is the remainder when 46731 is divided by 1089?
993
Calculate the remainder when 270026 is divided by 582.
560
What is the remainder when 6921 is divided by 407?
2
Calculate the remainder when 207642 is divided by 37.
35
Calculate the remainder when 78142 is divided by 127.
37
Calculate the remainder when 3603 is divided by 34.
33
Calculate the remainder when 2760 is divided by 1379.
2
What is the remainder when 38079 is divided by 12689?
12
Calculate the remainder when 12024 is divided by 240.
24
Calculate the remainder when 2632 is divided by 388.
304
Calculate the remainder when 109502 is divided by 301.
239
Calculate the remainder when 15343 is divided by 528.
31
Calculate the remainder when 886 is divided by 603.
283
What is the remainder when 5052 is divided by 57?
36
Calculate the remainder when 4171 is divided by 923.
479
Calculate the remainder when 4436 is divided by 107.
49
What is the remainder when 5750 is divided by 597?
377
What is the remainder when 2703 is divided by 33?
30
Calculate the remainder when 945001 is divided by 315000.
1
What is the remainder when 214170 is divided by 42834?
0
What is the remainder when 10368 is divided by 1294?
16
Calculate the remainder when 132682 is divided by 608.
138
What is the remainder when 39107 is divided by 1?
0
What is the remainder when 14864 is divided by 117?
5
What is the remainder when 2085 is divided by 25?
10
Calculate the remainder when 4767 is divided by 950.
17
Calculate the remainder when 12975 is divided by 12965.
10
Calculate the remainder when 910 is divided by 132.
118
What is the remainder when 326852 is divided by 236?
228
Calculate the remainder when 39539 is divided by 135.
119
What is the remainder when 1680434 is divided by 5?
4
Calculate the remainder when 94123 is divided by 2546.
2467
Calculate the remainder when 4714 is divided by 470.
14
Calculate the remainder when 11063 is divided by 34.
13
What is the remainder when 85538 is divided by 432?
2
What is the remainder when 3480 is divided by 266?
22
Calculate the remainder when 27091 is divided by 31.
28
What is the remainder when 4950 is divided by 28?
22
Calculate the remainder when 5790 is divided by 534.
450
Calculate the remainder when 107147 is divided by 145.
137
What is the remainder when 83339 is divided by 2688?
11
What is the remainder when 5251 is divided by 525?
1
What is the remainder when 65743 is divided by 41?
20
What is the remainder when 28364 is divided by 9440?
44
What is the remainder when 2905 is divided by 76?
17
Calculate the remainder when 10769 is divided by 524.
289
Calculate the remainder when 92473 is divided by 41.
18
Calculate the remainder when 516001 is divided by 35.
31
What is the remainder when 21876 is divided by 5467?
8
Calculate the remainder when 660392 is divided by 220127.
11
What is the remainder when 65072 is divided by 16264?
16
Calculate the remainder when 5307 is divided by 483.
477
What is the remainder when 76426 is divided by 19106?
2
What is the remainder when 2367 is divided by 1932?
435
Calculate the remainder when 173843 is divided by 15802.
21
Calculate the remainder when 8073 is divided by 7129.
944
Calculate the remainder when 2881 is divided by 954.
19
Calculate the remainder when 130270 is divided by 472.
470
What is the remainder when 91294 is divided by 534?
514
Calculate the remainder when 12749 is divided by 17.
16
Calculate the remainder when 391644 is divided by 32636.
12
What is the remainder when 202515 is divided by 71?
23
What is the remainder when 2207 is divided by 568?
503
Calculate the remainder when 20512 is divided by 353.
38
What is the remainder when 7555 is divided by 73?
36
Calculate the remainder when 159236 is divided by 91.
77
What is the remainder when 57669 is divided by 72?
69
What is the remainder when 3401 is divided by 341?
332
What is the remainder when 3231 is divided by 3228?
3
What is the remainder when 1185 is divided by 357?
114
What is the remainder when 937 is divided by 18?
1
Calculate the remainder when 50179 is divided by 132.
19
What is the remainder when 29858 is divided by 1148?
10
What is the remainder when 84597 is divided by 846?
843
Calculate the remainder when 1573 is divided by 232.
181
Calculate the remainder when 9822 is divided by 1962.
12
Calculate the remainder when 518611 is divided by 32.
19
Calculate the remainder when 487 is divided by 49.
46
What is the remainder when 159145 is divided by 50?
45
What is the remainder when 19838 is divided by 8?
6
What is the remainder when 342 is divided by 136?
70
What is the remainder when 353899 is divided by 226?
209
Calculate the remainder when 5769 is divided by 95.
69
What is the remainder when 70797 is divided by 150?
147
What is the remainder when 518698 is divided by 175?
173
Calculate the remainder when 6292 is divided by 785.
12
Calculate the remainder when 1296 is divided by 134.
90
What is the remainder when 141952 is divided by 70976?
0
Calculate the remainder when 17307 is divided by 753.
741
What is the remainder when 1319 is divided by 106?
47
What is the remainder when 141 is divided by 105?
36
Calculate the remainder when 502 is divided by 151.
49
Calculate the remainder when 471517 is divided by 40.
37
Calculate the remainder when 7640 is divided by 90.
80
Calculate the remainder when 1650 is divided by 48.
18
Calculate the remainder when 44260 is divided by 8851.
5
What is the remainder when 4384 is divided by 524?
192
What is the remainder when 51872 is divided by 683?
647
What is the remainder when 1287279 is divided by 40?
39
What is the remainder when 5986 is divided by 853?
15
What is the remainder when 4